{"id":5678,"date":"2022-03-19T15:43:39","date_gmt":"2022-03-19T15:43:39","guid":{"rendered":"https:\/\/officebite.io\/?post_type=product&#038;p=5678"},"modified":"2025-12-17T13:18:07","modified_gmt":"2025-12-17T12:18:07","slug":"ro-sok-br-4-330ml","status":"publish","type":"product","link":"https:\/\/officebite.io\/shop\/proizvod\/ro-sok-br-4-330ml\/","title":{"rendered":"Paket RO! Sok br. 4, 330ml"},"content":{"rendered":"<p class=\"p1\"><span class=\"s1\">MINIMALNO ZA PORU\u010cIVANJE I DOSTAVU JE 15 KOMADA<\/span><\/p>\n<p>Sastojci: Jabuka, Ananas, Kivi, Pomorandza, Limun i Limeta.<\/p>\n<p class=\"p1\"><span class=\"s1\">Svaki od proizvoda iz na\u0161eg asortimana je bez holesterola, konzervansa i \u0161e\u0107era. Svaki od sastojaka koji se nalaze u odre\u0111enom proizvodu je bitan za na\u0161 organizam.<\/span><\/p>\n<p class=\"p1\"><span class=\"s1\">\u00a0<span class=\"posted_in\">Proizvo\u0111a\u010d:\u00a0<a href=\"https:\/\/www.bubaja.rs\/ro_\" rel=\"tag noopener\" target=\"_blank\">RO<\/a><br \/>\nOvaj proizvod na Office Bite platformi stavljaju u ponudu i dostavljaju:<br \/>\n<a href=\"https:\/\/www.bubaja.rs\/ro_\" rel=\"tag noopener\" target=\"_blank\">RO<\/a> u Beogradu<br \/>\n<\/span><\/span><\/p>\n","protected":false},"excerpt":{"rendered":"<p><span class=\"s1\">MINIMALNO ZA PORU\u010cIVANJE I DOSTAVU JE 15 KOMADA<br \/>\n<\/span><\/p>\n","protected":false},"featured_media":5698,"comment_status":"open","ping_status":"closed","template":"","meta":{"_acf_changed":false},"product_brand":[],"product_cat":[153,252,242],"product_tag":[],"class_list":{"0":"post-5678","1":"product","2":"type-product","3":"status-publish","4":"has-post-thumbnail","6":"product_cat-pice-kafa-caj","7":"product_cat-bezalkoholni-napici-ro-sokovi","8":"product_cat-ro-sokovi","9":"pa_grad-isporuke-beograd","11":"first","12":"instock","13":"shipping-taxable","14":"purchasable","15":"product-type-simple"},"acf":[],"_links":{"self":[{"href":"https:\/\/officebite.io\/shop\/wp-json\/wp\/v2\/product\/5678","targetHints":{"allow":["GET"]}}],"collection":[{"href":"https:\/\/officebite.io\/shop\/wp-json\/wp\/v2\/product"}],"about":[{"href":"https:\/\/officebite.io\/shop\/wp-json\/wp\/v2\/types\/product"}],"replies":[{"embeddable":true,"href":"https:\/\/officebite.io\/shop\/wp-json\/wp\/v2\/comments?post=5678"}],"wp:featuredmedia":[{"embeddable":true,"href":"https:\/\/officebite.io\/shop\/wp-json\/wp\/v2\/media\/5698"}],"wp:attachment":[{"href":"https:\/\/officebite.io\/shop\/wp-json\/wp\/v2\/media?parent=5678"}],"wp:term":[{"taxonomy":"product_brand","embeddable":true,"href":"https:\/\/officebite.io\/shop\/wp-json\/wp\/v2\/product_brand?post=5678"},{"taxonomy":"product_cat","embeddable":true,"href":"https:\/\/officebite.io\/shop\/wp-json\/wp\/v2\/product_cat?post=5678"},{"taxonomy":"product_tag","embeddable":true,"href":"https:\/\/officebite.io\/shop\/wp-json\/wp\/v2\/product_tag?post=5678"}],"curies":[{"name":"wp","href":"https:\/\/api.w.org\/{rel}","templated":true}]}}