{"id":4846,"date":"2022-03-19T15:42:19","date_gmt":"2022-03-19T14:42:19","guid":{"rendered":"https:\/\/officebite.io\/?post_type=product&#038;p=4846"},"modified":"2026-04-17T15:47:23","modified_gmt":"2026-04-17T13:47:23","slug":"grejpfrut","status":"publish","type":"product","link":"https:\/\/officebite.io\/shop\/proizvod\/grejpfrut\/","title":{"rendered":"Grejpfrut, 500g"},"content":{"rendered":"<p><span style=\"color: #ba372a\"><strong>Ako pojedete jedan ceo grejp, zadovolji\u0107ete celodnevnu potrebu za vitaminom C<\/strong><\/span>. Vitamin C je esencijalano jedinjenje za gra\u0111enje \u010dovekovog imuniteta. Grejp se naj\u010de\u0161\u0107e cedi, pa se konzumira njegov sok.<\/p>\n<p><span style=\"color: #ba372a\"><strong>Likopen je karotenoid koji daje jarke boje crvenom i roze grejpu<\/strong>. <strong>U mnogim istra\u017eivanjima likopen je povezan sa anti kancerogenim dejstvima na prostatu<\/strong><\/span>. Grejp nije \u010dudesna vo\u0107ka za skidanje te\u017eine, kako mnogo lai\u010dkih \u010dlanaka o tome govori, ali ipak na dugi rok zbog veoma niskog glikemijskog indeksa poma\u017ee u kontroli telesne te\u017eine. <span style=\"color: #ba372a\"><strong>Mo\u0107na kombinacija vlakana, kalijuma, vitamina C i kolina u grejpu veoma blagotvorno deluje na kardiovaskularni sistem.<br \/>\n<\/strong><\/span><\/p>\n<p>Ovaj proizvod na Office Bite platformi stavljaju u ponudu i dostavljaju:<\/p>\n<p>Frutto Fresh u Beogradu<\/p>\n<p><span style=\"color: #ba372a\"><strong>\u00a0<\/strong><\/span><\/p>\n","protected":false},"excerpt":{"rendered":"<p>Ako pojedete jedan ceo grejp, zadovolji\u0107ete celodnevnu potrebu za vitaminom C. Vitamin C je esencijalano jedinjenje za gra\u0111enje \u010dovekovog imuniteta. Grejp se naj\u010de\u0161\u0107e cedi, pa se konzumira njegov sok. Likopen je karotenoid koji daje jarke boje crvenom i roze grejpu. U mnogim istra\u017eivanjima likopen je povezan sa anti kancerogenim dejstvima na prostatu. Grejp nije \u010dudesna [&hellip;]<\/p>\n","protected":false},"featured_media":2735,"comment_status":"open","ping_status":"closed","template":"","meta":{"_acf_changed":false},"product_brand":[],"product_cat":[133,231,166],"product_tag":[],"class_list":{"0":"post-4846","1":"product","2":"type-product","3":"status-publish","4":"has-post-thumbnail","6":"product_cat-domace-voce","7":"product_cat-frutto-fresh","8":"product_cat-voce-povrce-grickalice","9":"pa_grad-isporuke-beograd","11":"first","12":"instock","13":"shipping-taxable","14":"purchasable","15":"product-type-simple"},"acf":[],"_links":{"self":[{"href":"https:\/\/officebite.io\/shop\/wp-json\/wp\/v2\/product\/4846","targetHints":{"allow":["GET"]}}],"collection":[{"href":"https:\/\/officebite.io\/shop\/wp-json\/wp\/v2\/product"}],"about":[{"href":"https:\/\/officebite.io\/shop\/wp-json\/wp\/v2\/types\/product"}],"replies":[{"embeddable":true,"href":"https:\/\/officebite.io\/shop\/wp-json\/wp\/v2\/comments?post=4846"}],"wp:featuredmedia":[{"embeddable":true,"href":"https:\/\/officebite.io\/shop\/wp-json\/wp\/v2\/media\/2735"}],"wp:attachment":[{"href":"https:\/\/officebite.io\/shop\/wp-json\/wp\/v2\/media?parent=4846"}],"wp:term":[{"taxonomy":"product_brand","embeddable":true,"href":"https:\/\/officebite.io\/shop\/wp-json\/wp\/v2\/product_brand?post=4846"},{"taxonomy":"product_cat","embeddable":true,"href":"https:\/\/officebite.io\/shop\/wp-json\/wp\/v2\/product_cat?post=4846"},{"taxonomy":"product_tag","embeddable":true,"href":"https:\/\/officebite.io\/shop\/wp-json\/wp\/v2\/product_tag?post=4846"}],"curies":[{"name":"wp","href":"https:\/\/api.w.org\/{rel}","templated":true}]}}