{"id":4843,"date":"2022-03-19T15:42:19","date_gmt":"2022-03-19T14:42:19","guid":{"rendered":"https:\/\/officebite.io\/?post_type=product&#038;p=4843"},"modified":"2026-04-17T15:53:58","modified_gmt":"2026-04-17T13:53:58","slug":"ananas","status":"publish","type":"product","link":"https:\/\/officebite.io\/shop\/proizvod\/ananas\/","title":{"rendered":"Ananas, 1 komad"},"content":{"rendered":"<p><span style=\"color: #f1c40f\"><strong>Tropska vo\u0107ka puna korisnih nutritijenata<\/strong><\/span>. Obiluje <span style=\"color: #f1c40f\"><strong>vitaminom C<\/strong><\/span> i <span style=\"color: #f1c40f\"><strong>manganom<\/strong><\/span>. <span style=\"color: #f1c40f\"><strong>Mangan<\/strong><\/span> je veoma va\u017ean za metaboli\u010dke procese u organizmu \u010doveka, poma\u017ee u rastu kod mladih ljudi, i ima jaka antioksidantska svojstva.<\/p>\n<p><span style=\"color: #f1c40f\"><strong>Ananas je prebogat gomilom drugih antioksidanta<\/strong><\/span>, koji su i veoma izdr\u017eljivi, tako da ne menjaju svojstva i u te\u0161kim i kiselijim sredinama, pa je zato ananas sjajna vo\u0107ka kada je bilo koji deo organizma ve\u0107 pod nekim upalnim procesom. Drugim re\u010dima,<strong> <span style=\"color: #f1c40f\">ako ste bolesni, favorizujte ananas u odnosu na ostalo vo\u0107e<\/span><\/strong>.<\/p>\n<p>Svakako, kombinacija nutritijenata ananas \u010dini i odli\u010dnom prevencijom za razne vrste bolesti. <span style=\"color: #f1c40f\"><strong>Sadr\u017ei enzime koji olak\u0161avaju varenje, efikasan u prevenciji raka, poja\u010dava imuni sistem i ubla\u017euje zapaljenske procese.<\/strong> <strong>Navalite na ananas kad god imate prilike!<br \/>\n<\/strong><\/span><\/p>\n<p>Ovaj proizvod na Office Bite platformi stavljaju u ponudu i dostavljaju:<\/p>\n<p>Frutto Fresh u Beogradu<\/p>\n<p><span style=\"color: #f1c40f\"><strong>\u00a0<\/strong><\/span><\/p>\n","protected":false},"excerpt":{"rendered":"<p>Tropska vo\u0107ka puna korisnih nutritijenata. Obiluje vitaminom C i manganom. Mangan je veoma va\u017ean za metaboli\u010dke procese u organizmu \u010doveka, poma\u017ee u rastu kod mladih ljudi, i ima jaka antioksidantska svojstva. Ananas je prebogat gomilom drugih antioksidanta, koji su i veoma izdr\u017eljivi, tako da ne menjaju svojstva i u te\u0161kim i kiselijim sredinama, pa je [&hellip;]<\/p>\n","protected":false},"featured_media":2699,"comment_status":"open","ping_status":"closed","template":"","meta":{"_acf_changed":false},"product_brand":[],"product_cat":[231,133,166],"product_tag":[],"class_list":{"0":"post-4843","1":"product","2":"type-product","3":"status-publish","4":"has-post-thumbnail","6":"product_cat-frutto-fresh","7":"product_cat-domace-voce","8":"product_cat-voce-povrce-grickalice","9":"pa_grad-isporuke-beograd","11":"first","12":"instock","13":"shipping-taxable","14":"purchasable","15":"product-type-simple"},"acf":[],"_links":{"self":[{"href":"https:\/\/officebite.io\/shop\/wp-json\/wp\/v2\/product\/4843","targetHints":{"allow":["GET"]}}],"collection":[{"href":"https:\/\/officebite.io\/shop\/wp-json\/wp\/v2\/product"}],"about":[{"href":"https:\/\/officebite.io\/shop\/wp-json\/wp\/v2\/types\/product"}],"replies":[{"embeddable":true,"href":"https:\/\/officebite.io\/shop\/wp-json\/wp\/v2\/comments?post=4843"}],"wp:featuredmedia":[{"embeddable":true,"href":"https:\/\/officebite.io\/shop\/wp-json\/wp\/v2\/media\/2699"}],"wp:attachment":[{"href":"https:\/\/officebite.io\/shop\/wp-json\/wp\/v2\/media?parent=4843"}],"wp:term":[{"taxonomy":"product_brand","embeddable":true,"href":"https:\/\/officebite.io\/shop\/wp-json\/wp\/v2\/product_brand?post=4843"},{"taxonomy":"product_cat","embeddable":true,"href":"https:\/\/officebite.io\/shop\/wp-json\/wp\/v2\/product_cat?post=4843"},{"taxonomy":"product_tag","embeddable":true,"href":"https:\/\/officebite.io\/shop\/wp-json\/wp\/v2\/product_tag?post=4843"}],"curies":[{"name":"wp","href":"https:\/\/api.w.org\/{rel}","templated":true}]}}