{"id":28492,"date":"2026-05-15T10:47:33","date_gmt":"2026-05-15T08:47:33","guid":{"rendered":"https:\/\/officebite.io\/shop\/?post_type=product&#038;p=28492"},"modified":"2026-05-15T17:56:36","modified_gmt":"2026-05-15T15:56:36","slug":"tost-putero-tvojih-5-minuta-500g-2","status":"publish","type":"product","link":"https:\/\/officebite.io\/shop\/proizvod\/tost-putero-tvojih-5-minuta-500g-2\/","title":{"rendered":"Tost Putero Tvojih 5 minuta 500g"},"content":{"rendered":"<div id=\"model-response-message-contentr_8462a3571a4b96ec\" class=\"markdown markdown-main-panel stronger enable-updated-hr-color\" dir=\"ltr\" aria-live=\"polite\">\n<p data-path-to-node=\"0\"><b data-path-to-node=\"0\" data-index-in-node=\"0\">Tost Putero Tvojih 5 minuta 500g<\/b><\/p>\n<p data-path-to-node=\"1\">Meki p\u0161eni\u010dni hleb produ\u017eene sve\u017eine, oboga\u0107en puterom za specifi\u010dan, bogat ukus i zlatnu boju. Idealan za pripremu toplih sendvi\u010da u kancelarijskoj kuhinji ili kao brza podloga za namaze tokom pauze. Zahvaljuju\u0107i prakti\u010dnom pakovanju i se\u010denim kri\u0161kama, omogu\u0107ava brzu i urednu pripremu obroka bez mrvljenja.<\/p>\n<p data-path-to-node=\"2\"><b data-path-to-node=\"2\" data-index-in-node=\"0\">Sadr\u017eaj:<\/b><\/p>\n<p data-path-to-node=\"2\">P\u0161eni\u010dno belo bra\u0161no T-500, voda, puter (maslac), \u0161e\u0107er, pekarski kvasac, kuhinjska so, suncokretovo ulje, biljna mast (palmina), p\u0161eni\u010dni gluten, emulgatori i konzervansi.<\/p>\n<p data-path-to-node=\"3\"><b data-path-to-node=\"3\" data-index-in-node=\"0\">Nutritivne vrednosti na 100 g:<\/b><\/p>\n<p data-path-to-node=\"3\">274 kcal | Ugljeni hidrati 51 g | Proteini 8.5 g | Masti 3.8 g | Vlakna 2.2 g<\/p>\n<\/div>\n","protected":false},"excerpt":{"rendered":"<div id=\"model-response-message-contentr_8462a3571a4b96ec\" class=\"markdown markdown-main-panel stronger enable-updated-hr-color\" dir=\"ltr\" aria-live=\"polite\">\n<p data-path-to-node=\"0\"><b data-path-to-node=\"0\" data-index-in-node=\"0\">Tost Putero Tvojih 5 minuta 500g<\/b><\/p>\n<p data-path-to-node=\"1\">Meki p\u0161eni\u010dni hleb produ\u017eene sve\u017eine, oboga\u0107en puterom za specifi\u010dan, bogat ukus i zlatnu boju. Idealan za pripremu toplih sendvi\u010da u kancelarijskoj kuhinji ili kao brza podloga za namaze tokom pauze. Zahvaljuju\u0107i prakti\u010dnom pakovanju i se\u010denim kri\u0161kama, omogu\u0107ava brzu i urednu pripremu obroka bez mrvljenja.<\/p>\n<p data-path-to-node=\"2\"><b data-path-to-node=\"2\" data-index-in-node=\"0\">Sadr\u017eaj:<\/b><\/p>\n<p data-path-to-node=\"2\">P\u0161eni\u010dno belo bra\u0161no T-500, voda, puter (maslac), \u0161e\u0107er, pekarski kvasac, kuhinjska so, suncokretovo ulje, biljna mast (palmina), p\u0161eni\u010dni gluten, emulgatori i konzervansi.<\/p>\n<p data-path-to-node=\"3\"><b data-path-to-node=\"3\" data-index-in-node=\"0\">Nutritivne vrednosti na 100 g:<\/b><\/p>\n<p data-path-to-node=\"3\">274 kcal | Ugljeni hidrati 51 g | Proteini 8.5 g | Masti 3.8 g | Vlakna 2.2 g<\/p>\n<\/div>\n","protected":false},"featured_media":28688,"comment_status":"open","ping_status":"closed","template":"","meta":{"_acf_changed":false},"product_brand":[],"product_cat":[357],"product_tag":[],"class_list":{"0":"post-28492","1":"product","2":"type-product","3":"status-publish","4":"has-post-thumbnail","6":"product_cat-hleb-i-peciva","8":"first","9":"instock","10":"shipping-taxable","11":"purchasable","12":"product-type-simple"},"acf":[],"_links":{"self":[{"href":"https:\/\/officebite.io\/shop\/wp-json\/wp\/v2\/product\/28492","targetHints":{"allow":["GET"]}}],"collection":[{"href":"https:\/\/officebite.io\/shop\/wp-json\/wp\/v2\/product"}],"about":[{"href":"https:\/\/officebite.io\/shop\/wp-json\/wp\/v2\/types\/product"}],"replies":[{"embeddable":true,"href":"https:\/\/officebite.io\/shop\/wp-json\/wp\/v2\/comments?post=28492"}],"wp:featuredmedia":[{"embeddable":true,"href":"https:\/\/officebite.io\/shop\/wp-json\/wp\/v2\/media\/28688"}],"wp:attachment":[{"href":"https:\/\/officebite.io\/shop\/wp-json\/wp\/v2\/media?parent=28492"}],"wp:term":[{"taxonomy":"product_brand","embeddable":true,"href":"https:\/\/officebite.io\/shop\/wp-json\/wp\/v2\/product_brand?post=28492"},{"taxonomy":"product_cat","embeddable":true,"href":"https:\/\/officebite.io\/shop\/wp-json\/wp\/v2\/product_cat?post=28492"},{"taxonomy":"product_tag","embeddable":true,"href":"https:\/\/officebite.io\/shop\/wp-json\/wp\/v2\/product_tag?post=28492"}],"curies":[{"name":"wp","href":"https:\/\/api.w.org\/{rel}","templated":true}]}}