{"id":14804,"date":"2023-11-01T11:45:23","date_gmt":"2023-11-01T10:45:23","guid":{"rendered":"https:\/\/officebite.io\/proizvod\/posni-mix-slano-i-slatko-posluznje\/"},"modified":"2025-08-28T13:20:34","modified_gmt":"2025-08-28T11:20:34","slug":"posni-mix-slano-i-slatko-posluznje","status":"publish","type":"product","link":"https:\/\/officebite.io\/shop\/proizvod\/posni-mix-slano-i-slatko-posluznje\/","title":{"rendered":"POSNI MIX \u2013 SLANO I SLATKO POSLU\u017dNJE"},"content":{"rendered":"<p><b class=\"bronze-text\">Dovoljno za 6 do 8 osoba<\/b><\/p>\n<p><b class=\"bronze-text\">Ukupna te\u017eina: 3kg<\/b><\/p>\n<p><b class=\"bronze-text\">Posni Mix Sadr\u017ei:\u00a0POSNU Slanu ketering tacnu\u00a0\u00a0<\/b>\u00a01,5kg\/ 8 vrsta slani\u0161a (4 vrste kanapea, Tortilja zalogaj, Salata u \u010da\u0161ici, Slana korpica, Mini Mafini)\u00a0 +\u00a0<b>Slatku ketering tacnu\u00a0<\/b>\u00a01,5kg\/ 7 vrsta slatki\u0161a (2 vrste mafina, 2 vrste korpica, 2 vrste dezerta u \u010da\u0161i i cakepops)<\/p>\n<p>&nbsp;<\/p>\n<div id=\"1656419049.592569\" class=\"c-virtual_list__item c-virtual_list__item--initial-activeitem\" tabindex=\"0\" role=\"listitem\" data-qa=\"virtual-list-item\">\n<div class=\"c-message_kit__background p-message_pane_message__message c-message_kit__message\" role=\"presentation\" data-qa=\"message_container\" data-qa-unprocessed=\"false\" data-qa-placeholder=\"false\">\n<div class=\"c-message_kit__hover\" role=\"document\" aria-roledescription=\"message\" data-qa-hover=\"true\">\n<div class=\"c-message_kit__actions c-message_kit__actions--default\">\n<div class=\"c-message_kit__gutter\">\n<div class=\"c-message_kit__gutter__right\" role=\"presentation\" data-qa=\"message_content\">\n<div class=\"c-message_kit__blocks c-message_kit__blocks--rich_text\">\n<div class=\"c-message__message_blocks c-message__message_blocks--rich_text\" data-qa=\"message-text\">\n<div class=\"p-block_kit_renderer\" data-qa=\"block-kit-renderer\">\n<div class=\"p-block_kit_renderer__block_wrapper p-block_kit_renderer__block_wrapper--first\">\n<div class=\"p-rich_text_block\" dir=\"auto\">\n<div class=\"p-rich_text_section\">Ovaj proizvod na Office Bite platformi stavljaju u ponudu i dostavljaju:<\/div>\n<\/div>\n<\/div>\n<\/div>\n<\/div>\n<\/div>\n<\/div>\n<\/div>\n<\/div>\n<\/div>\n<\/div>\n<\/div>\n<div id=\"1656419059.977659\" class=\"c-virtual_list__item\" tabindex=\"-1\" role=\"listitem\" data-qa=\"virtual-list-item\">\n<div class=\"c-message_kit__background p-message_pane_message__message c-message_kit__message\" role=\"presentation\" data-qa=\"message_container\" data-qa-unprocessed=\"false\" data-qa-placeholder=\"false\">\n<div class=\"c-message_kit__hover\" role=\"document\" aria-roledescription=\"message\" data-qa-hover=\"true\">\n<div class=\"c-message_kit__actions c-message_kit__actions--above\">\n<div class=\"c-message_kit__gutter\">\n<div class=\"c-message_kit__gutter__right\" role=\"presentation\" data-qa=\"message_content\">\n<div class=\"c-message_kit__blocks c-message_kit__blocks--rich_text\">\n<div class=\"c-message__message_blocks c-message__message_blocks--rich_text\" data-qa=\"message-text\">\n<div class=\"p-block_kit_renderer\" data-qa=\"block-kit-renderer\">\n<div class=\"p-block_kit_renderer__block_wrapper p-block_kit_renderer__block_wrapper--first\">\n<div class=\"p-rich_text_block\" dir=\"auto\">\n<div class=\"p-rich_text_section\">Eketering u Beogradu i Novom Sadu<\/div>\n<\/div>\n<\/div>\n<\/div>\n<\/div>\n<\/div>\n<\/div>\n<\/div>\n<\/div>\n<\/div>\n<\/div>\n<\/div>\n","protected":false},"excerpt":{"rendered":"<p>Dovoljno za 6 do 8 osoba Ukupna te\u017eina: 3kg Posni Mix Sadr\u017ei:\u00a0POSNU Slanu ketering tacnu\u00a0\u00a0\u00a01,5kg\/ 8 vrsta slani\u0161a (4 vrste kanapea, Tortilja zalogaj, Salata u \u010da\u0161ici, Slana korpica, Mini Mafini)\u00a0 +\u00a0Slatku ketering tacnu\u00a0\u00a01,5kg\/ 7 vrsta slatki\u0161a (2 vrste mafina, 2 vrste korpica, 2 vrste dezerta u \u010da\u0161i i cakepops) &nbsp; Ovaj proizvod na Office Bite [&hellip;]<\/p>\n","protected":false},"featured_media":14821,"comment_status":"open","ping_status":"closed","template":"","meta":{"_acf_changed":false},"product_brand":[],"product_cat":[167,187,190],"product_tag":[],"class_list":{"0":"post-14804","1":"product","2":"type-product","3":"status-publish","4":"has-post-thumbnail","6":"product_cat-instant-ketering","7":"product_cat-eketering","8":"product_cat-posni-ketering","9":"pa_grad-isporuke-beograd","10":"pa_grad-isporuke-novi-sad","12":"first","13":"instock","14":"shipping-taxable","15":"purchasable","16":"product-type-simple"},"acf":[],"_links":{"self":[{"href":"https:\/\/officebite.io\/shop\/wp-json\/wp\/v2\/product\/14804","targetHints":{"allow":["GET"]}}],"collection":[{"href":"https:\/\/officebite.io\/shop\/wp-json\/wp\/v2\/product"}],"about":[{"href":"https:\/\/officebite.io\/shop\/wp-json\/wp\/v2\/types\/product"}],"replies":[{"embeddable":true,"href":"https:\/\/officebite.io\/shop\/wp-json\/wp\/v2\/comments?post=14804"}],"wp:featuredmedia":[{"embeddable":true,"href":"https:\/\/officebite.io\/shop\/wp-json\/wp\/v2\/media\/14821"}],"wp:attachment":[{"href":"https:\/\/officebite.io\/shop\/wp-json\/wp\/v2\/media?parent=14804"}],"wp:term":[{"taxonomy":"product_brand","embeddable":true,"href":"https:\/\/officebite.io\/shop\/wp-json\/wp\/v2\/product_brand?post=14804"},{"taxonomy":"product_cat","embeddable":true,"href":"https:\/\/officebite.io\/shop\/wp-json\/wp\/v2\/product_cat?post=14804"},{"taxonomy":"product_tag","embeddable":true,"href":"https:\/\/officebite.io\/shop\/wp-json\/wp\/v2\/product_tag?post=14804"}],"curies":[{"name":"wp","href":"https:\/\/api.w.org\/{rel}","templated":true}]}}